3*c**3 - 25. What is the units digit of u(0)?
1
Let y = 22 - 20. Suppose 1692 = 8*d - y*d. Suppose -k - d = -4*k. What is the tens digit of k?
9
Let y be -1*(6 + -70) + 6. Suppose 5 = 5*s + 140. Let z = s + y. What is the units digit of z?
3
Let d = 279 + -274. Suppose -5*r + 2700 = d*u, -r + 4*u = -107 - 418. What is the hundreds digit of r?
5
What is the tens digit of (1 + 4)*926/8 + 7/28?
7
Suppose 5*h - 17 = -2. Let j(t) = 13*t - 6. What is the tens digit of j(h)?
3
Let x = 30888 - 17735. What is the units digit of x?
3
What is the hundreds digit of -14 + 5 - (-8 - (6967 + 9))?
9
Let h(y) = y**2 + 17*y + 6. Let q be h(-17). Suppose 10*z - 2*z = 24. Suppose -z*b = s - 207, 3*s - 5*s - q = 0. What is the tens digit of b?
7
Suppose 0 = -f, -26436 = -88*k + 84*k + 5*f. What is the hundreds digit of k?
6
What is the tens digit of 1933/10 + 20/(200/(-3))?
9
Suppose i - 6551 - 1154 = -4*o, -23100 = -3*i + 3*o. What is the hundreds digit of i?
7
Suppose 0 = j - 29 + 41. What is the tens digit of 5/4 - 825/j?
7
Let v(b) = 2*b**2 + 52*b - 39. Let x be v(-27). Suppose -x*q - 4415 + 12665 = 0. What is the units digit of q?
0
Let u = -4286 - -7419. What is the thousands digit of u?
3
What is the tens digit of ((-108)/12 + 31)/(1/297)?
3
Suppose 0 = -5*y + 273 - 268, y = z - 32665. What is the tens digit of z?
6
Suppose 146*o - 201*o + 378510 = 0. What is the units digit of o?
2
Suppose -3*d = -21, -5*t + 47511 = -3*d - 14868. What is the tens digit of t?
8
Let q be ((-126)/(-4 + 2))/(3 + -2). Let s = q + 407. What is the tens digit of s?
7
Let j(o) = 154*o - 6. Let r be j(-7). Let p be (-1)/(6/r)*(0 + 3). Suppose 4*z - p = -42. What is the tens digit of z?
2
Suppose b = -4*l + 4, 0 = -4*b + l + 2*l - 79. Let y = b + 22. Suppose -3*v = -y, -k + 0*v + 11 = 2*v. What is the units digit of k?
7
What is the thousands digit of ((42 + -44)/(1 + 1))/((-1)/38349)?
8
Suppose 0 = 5*a - l - 22, 0 = -4*a + 4*l + 24. What is the hundreds digit of 1851/a + 87/(-116)?
4
Let t = 1051 + -1785. Let r be (-1)/4 + t/(-24)*-3. Let p = 37 - r. What is the units digit of p?
9
Let p(j) = 11*j**2 - 6*j - 8. Suppose 0 = h - b - 12, 2*h + 4*b = b - 1. What is the hundreds digit of p(h)?
4
Suppose 5*a - 74978 = -4*b, -b = -3*a + 3224 - 21994. What is the units digit of b?
2
Let a(x) = 9*x + 48. Let k be a(-7). Let o be (-20)/k*(-9)/6. What is the units digit of ((-6)/(o - -1))/(4/54)?
1
What is the units digit of 16877*(-6 + 7)*1?
7
Let w(d) = -183*d**3 + d**2 + d. Let a = 0 + 4. Suppose -2*c - a = -2. What is the units digit of w(c)?
3
Suppose -15*p = -14*p - 8. What is the hundreds digit of (-50)/3*(-3 + (5 - p))?
1
Let i(o) = 2*o**3 - 27*o**2 + 55*o + 2. Let j be i(11). Suppose -3*r + 2*g + 1757 = 259, j*r - g = 999. What is the hundreds digit of r?
5
Suppose 0 = 7*s + 1258 + 156. Let h = s - -1913. What is the hundreds digit of h?
7
Let w(y) = 114*y**2 + 43*y + 230. What is the tens digit of w(-7)?
1
Let u(z) = 2*z**2 - 16*z + 28. Let p be u(2). Suppose 0*s + 2*s = 5*c - 4901, -p*c + 3922 = -2*s. What is the tens digit of c?
7
Let z(y) = 1775*y + 2730. What is the ten thousands digit of z(5)?
1
Let t = -18 - -23. Let z(q) = -24 + 7 + 71*q + q**3 - 149*q + 74*q + 2*q**2. What is the hundreds digit of z(t)?
1
Let l be -2*(-2)/(-4) - (-75)/(-15). Let x(i) = -4*i**3 - 11*i**2 - i + 4. What is the tens digit of x(l)?
7
Let k be (21/18)/(2/12). Suppose 0 = -4*w + 239 - 19. Suppose k*x = w + 1114. What is the units digit of x?
7
Suppose 9*x = 4*x - k - 2468, -2*k - 2471 = 5*x. Let m = x - -1649. What is the thousands digit of m?
1
Suppose 3*w - 2 = 2*t + 1, -t = -w. Suppose 4*s - 2*f = 388, 2*s + 83 = 3*s + t*f. Suppose 6*o + s = 683. What is the units digit of o?
8
Let w(d) be the third derivative of -d**7/560 - 17*d**6/360 - 11*d**5/30 + 6*d**2. Let c(q) be the third derivative of w(q). What is the tens digit of c(-11)?
6
Let b(m) = -m - 58. Let q be b(4). Let z = 323 + q. What is the tens digit of z?
6
What is the tens digit of (1 + -1725 + 3)/((10 + -2)/(-24))?
6
Let k = -21717 - -62204. What is the hundreds digit of k?
4
Let n be (-3)/((-12)/56*-7). What is the tens digit of (1/n)/(8*7/(-129808))?
5
Let i(r) = -15*r**3 - 2*r**2 + 11*r - 13. What is the tens digit of i(-6)?
8
Suppose -77*c + 75*c = 8. Let f(h) = -2*h**2 - 3*h + 6. Let i be f(c). What is the units digit of (-284)/3*21/i?
2
Let h be (8*(-12)/(-40))/(9/15). Suppose 17*w = 19*w + 5*n + 9, h*n = -3*w + 4. What is the units digit of w?
8
Let y be 3 - (1/3)/((-5)/(-45)). Suppose y = -4*t + 5*j + 15, 6*j = 4*t + 2*j - 16. Suppose -2*x = -t*o - 3*x + 264, 2*o - 100 = x. What is the tens digit of o?
5
What is the units digit of (2600/14)/((-45)/(-315))?
0
Let r(c) be the first derivative of -c**3/3 - 4*c**2 + 11*c + 680. Suppose 0 = f + 2*f + 18. What is the tens digit of r(f)?
2
Suppose -160*q + 164*q - 5860 = m, 0 = -5*q + 5*m + 7340. What is the thousands digit of q?
1
Let x be 0/1*(-9 + 8). Let f be 11 + (x + -5 - -4). What is the units digit of 4*5/f + 1?
3
Let l(w) = 2*w**3 - 9*w**2 + 5*w + 3. Let r(m) = m**3 - 7*m**2 - 7*m - 4. Let b be r(8). Let s be l(b). Let g = s + 15. What is the units digit of g?
2
Let d(f) = -1249*f + 4848. What is the tens digit of d(-25)?
7
Let k = 6018 - 4956. What is the hundreds digit of k?
0
Let o(l) = 18*l**2 + 20*l - 21. What is the tens digit of o(1)?
1
What is the thousands digit of (0 + 6 + 23594/3)*6/4?
1
Let c(r) = r**2 + 6*r + 33. Let j be c(-6). Let g = j - 25. Suppose g - 14 = -6*l. What is the units digit of l?
1
Let s(o) = -4*o - 6. Let x be s(-14). Let w be (44/(-10))/(10/x). Let c = w - -146. What is the units digit of c?
4
Let g(m) = 3*m**2 - 7*m - 15. Let f be 199/7 + 6/(-14). Suppose 0*h - 5*h + 3*u + f = 0, -h - 2*u + 16 = 0. What is the tens digit of g(h)?
2
Let u(y) = y**3 - y**2 - 32*y - 15. Let z be u(-5). What is the units digit of z - 90/((-4)/2)?
0
Let v = 10985 - 2473. Suppose -5*i - 2*i = -v. What is the units digit of i?
6
Suppose 28138 + 31804 = 15*p + 12032. What is the thousands digit of p?
3
Let z(x) = 6*x**2 + 13*x - 24. Let t be z(7). Suppose -6*w - 137 = t. Let k = w + 374. What is the tens digit of k?
9
Suppose -1094100 = 1374*w - 1399*w. What is the thousands digit of w?
3
Let m be 38*(-4)/32*(-132)/11. Suppose -m*q + 107514 = 9*q. What is the thousands digit of q?
1
Suppose -12 + 82 = 5*h. Let n be (-8)/h + 8/14. Suppose 0*r - 3*r + 588 = n. What is the units digit of r?
6
Let l = 19098 - 4373. What is the hundreds digit of l?
7
Suppose 5*s - 148 + 68 = 0. What is the hundreds digit of (98/(-21))/(s/(-696))?
2
Let q(p) = 2*p**2 - 5*p + 7. Let z = 3 - -15. Suppose -5*d + 3 = z. What is the tens digit of q(d)?
4
Let p(c) = 2*c**2 + 25*c + 8. Let q = -281 + 289. What is the tens digit of p(q)?
3
Let b be (-13)/(-3) + (-4)/3 + -4. Let s be b/((6/20)/(84/8)). What is the tens digit of 30*(-3 + s/(-10))?
1
Let o = 16 - 8. Let x = -254 - -446. Suppose -o*b + 5*b + x = 0. What is the tens digit of b?
6
Let d(a) = 10*a + 9. Let f(o) = -20*o - 20. Let i(w) = 11*d(w) + 6*f(w). What is the tens digit of i(-26)?
3
Suppose -34*v + 6079 = 2577. What is the tens digit of v?
0
Let c(k) = k**2 - 24*k + 126. Let n be c(5). Suppose -24050 = -n*p + 8903. What is the hundreds digit of p?
0
Let i be -2 - (-9)/27*3561. Let t = i + -657. What is the tens digit of t?
2
Suppose 30*o - 1227725 - 63565 = 0. What is the units digit of o?
3
Let t(q) = 22*q**2 + 64*q + 604. What is the ten thousands digit of t(-26)?
1
Let j(r) = 8*r**2 - 12*r**2 + 16*r + 4*r - 2 - 19. Let f be j(8). Let n = f - -272. What is the tens digit of n?
5
Let g be 22090/47 + 4*1. What is the hundreds digit of -2*g/(-12)*4?
3
Let y(v) = 1492*v**2 + 91*v + 179. What is the units digit of y(-2)?
5
Suppose -3*h - 4*p + 10 - 556 = 0, -5*p + 759 = -4*h. Let z = h - -394. What is the tens digit of z?
0
Suppose 4*t + t - 6 = -3*g, -g + t = 6. Let o = 7 + g. Suppose -4*c + 0*c = -o*i + 940, 2*c = -4*i + 952. What is the hundreds digit of i?
2
Let p = 282 - 233. Suppose 0 = 46*d - p*d + 258. What is the units digit of d?
6
Let q be 12/((-5)/(75/(-2))). Let k be 236/30 - (-12)/q. What is the tens digit of (k/(-12))/((-4)/480)?
8
Suppose -d = -2*n - 2206, -3*n = -57*d + 52*d + 3323. Let s = 277 - n. What is the 